{"id":1963,"date":"2016-02-22T15:55:25","date_gmt":"2016-02-22T15:55:25","guid":{"rendered":"http:\/\/demo.themelogi.com\/wanium\/?page_id=1963"},"modified":"2025-05-07T12:36:17","modified_gmt":"2025-05-07T10:36:17","slug":"kontakt","status":"publish","type":"page","link":"https:\/\/katecheza.diecezja.elblag.pl\/index.php\/kontakt\/","title":{"rendered":"Kontakt"},"content":{"rendered":"\n<p><\/p>\n\n\n\n<p class=\"has-medium-font-size\"><strong>Wydzia\u0142 Katechetyczny Kurii Diecezjalnej Elbl\u0105skiej<br><\/strong><strong>ul. \u015awi\u0119tego Ducha 11<br><\/strong><strong>82-300 Elbl\u0105g<\/strong><\/p>\n\n\n\n<p>Sekretariat czynny od poniedzia\u0142ku do pi\u0105tku w godz. 9:00 \u2013 13:00<\/p>\n\n\n\n<p>tel.&nbsp;<strong>55 232 73 70<\/strong>; <strong>728 844 364<\/strong><\/p>\n\n\n\n<p><strong>katechetycznyel@gmail.com<\/strong><\/p>\n\n\n\n<p><\/p>\n","protected":false},"excerpt":{"rendered":"<p>Wydzia\u0142 Katechetyczny Kurii Diecezjalnej Elbl\u0105skiejul. \u015awi\u0119tego Ducha 1182-300 Elbl\u0105g Sekretariat czynny od poniedzia\u0142ku do pi\u0105tku w godz. 9:00 \u2013 13:00 tel.&nbsp;55 232 73 70; 728 844 364 katechetycznyel@gmail.com<\/p>\n","protected":false},"author":1,"featured_media":0,"parent":0,"menu_order":0,"comment_status":"closed","ping_status":"closed","template":"","meta":{"neve_meta_sidebar":"","neve_meta_container":"","neve_meta_enable_content_width":"","neve_meta_content_width":0,"neve_meta_title_alignment":"","neve_meta_author_avatar":"","neve_post_elements_order":"","neve_meta_disable_header":"","neve_meta_disable_footer":"","neve_meta_disable_title":"","_themeisle_gutenberg_block_has_review":false,"_ti_tpc_template_sync":false,"_ti_tpc_template_id":"","footnotes":""},"class_list":["post-1963","page","type-page","status-publish","hentry"],"_links":{"self":[{"href":"https:\/\/katecheza.diecezja.elblag.pl\/index.php\/wp-json\/wp\/v2\/pages\/1963","targetHints":{"allow":["GET"]}}],"collection":[{"href":"https:\/\/katecheza.diecezja.elblag.pl\/index.php\/wp-json\/wp\/v2\/pages"}],"about":[{"href":"https:\/\/katecheza.diecezja.elblag.pl\/index.php\/wp-json\/wp\/v2\/types\/page"}],"author":[{"embeddable":true,"href":"https:\/\/katecheza.diecezja.elblag.pl\/index.php\/wp-json\/wp\/v2\/users\/1"}],"replies":[{"embeddable":true,"href":"https:\/\/katecheza.diecezja.elblag.pl\/index.php\/wp-json\/wp\/v2\/comments?post=1963"}],"version-history":[{"count":33,"href":"https:\/\/katecheza.diecezja.elblag.pl\/index.php\/wp-json\/wp\/v2\/pages\/1963\/revisions"}],"predecessor-version":[{"id":6086,"href":"https:\/\/katecheza.diecezja.elblag.pl\/index.php\/wp-json\/wp\/v2\/pages\/1963\/revisions\/6086"}],"wp:attachment":[{"href":"https:\/\/katecheza.diecezja.elblag.pl\/index.php\/wp-json\/wp\/v2\/media?parent=1963"}],"curies":[{"name":"wp","href":"https:\/\/api.w.org\/{rel}","templated":true}]}}

<p></p>



<p class="has-medium-font-size"><strong>Wydział Katechetyczny Kurii Diecezjalnej Elbląskiej<br></strong><strong>ul. Świętego Ducha 11<br></strong><strong>82-300 Elbląg</strong></p>



<p>Sekretariat czynny od poniedziałku do piątku w godz. 9:00 – 13:00</p>



<p>tel.&nbsp;<strong>55 232 73 70</strong>; <strong>728 844 364</strong></p>



<p><strong>katechetycznyel@gmail.com</strong></p>



<p></p>

<p>Wydział Katechetyczny Kurii Diecezjalnej Elbląskiejul. Świętego Ducha 1182-300 Elbląg Sekretariat czynny od poniedziałku do piątku w godz. 9:00 – 13:00 tel.&nbsp;55 232 73 70; 728 844 364 katechetycznyel@gmail.com</p>
