{"id":5431,"date":"2021-11-28T23:48:04","date_gmt":"2021-11-28T22:48:04","guid":{"rendered":"https:\/\/katecheza.diecezja.elblag.pl\/?page_id=5431"},"modified":"2026-02-25T09:59:45","modified_gmt":"2026-02-25T08:59:45","slug":"katecheci-diecezjalni","status":"publish","type":"page","link":"https:\/\/katecheza.diecezja.elblag.pl\/index.php\/katecheci-diecezjalni\/","title":{"rendered":"Katecheci diecezjalni"},"content":{"rendered":"\n<p>Dyrektor Wydzia\u0142u Nauki Katolickiej, za zgod\u0105 Biskupa Elbl\u0105skiego, powo\u0142a\u0142 Katechet\u00f3w Dekanalnych \u2013 wsp\u00f3\u0142pracownik\u00f3w Ksi\u0119\u017cy Wizytator\u00f3w w poszczeg\u00f3lnych dekanatach. Do zada\u0144 Katechet\u00f3w Dekanalnych nale\u017cy:<\/p>\n\n\n\n<ul class=\"wp-block-list\">\n<li>Wsp\u00f3\u0142praca z Ksi\u0119\u017cmi Wizytatorami w organizowaniu dni skupienia dla katechet\u00f3w.<\/li>\n<\/ul>\n\n\n\n<ul class=\"wp-block-list\">\n<li>Przekazywanie katechetom informacji z Wydzia\u0142u Nauki Katolickiej.<\/li>\n<\/ul>\n\n\n\n<ul class=\"wp-block-list\">\n<li>Organizowanie lekcji kole\u017ce\u0144skich.<\/li>\n<\/ul>\n\n\n\n<p><strong>Katecheci Dekanalni:<\/strong><\/p>\n\n\n\n<p><strong>Malbork II, Nowy Staw<\/strong><br>mgr&nbsp;Lucyna Stolz<br>tel.&nbsp;601 594 387<br>e-mail: lucynastolz@gmail.com<\/p>\n\n\n\n<p><strong>Mor\u0105g, Mi\u0142om\u0142yn<\/strong><br><br>tel.\u00a0<\/p>\n\n\n\n<p>e-mail:\u00a0<\/p>\n\n\n\n<p><strong>Nowy Dw\u00f3r Gda\u0144ski, Krynica Morska<\/strong><br><br>tel. <br>e-mail: <\/p>\n\n\n\n<p><strong>Pas\u0142\u0119k I, Pas\u0142\u0119k II<\/strong><br>mgr&nbsp;Agnieszka G\u0142\u0119bocka<br>tel. 606 211 671<br>e-mail: agnieszkaglebos@op.pl<\/p>\n\n\n\n<p><strong>Prabuty, Susz<\/strong><br>mgr&nbsp;Hanna G\u00f3recka<br>tel.&nbsp;600 378 058<br>e-mail:&nbsp;hania.gorecka@wp.pl<\/p>\n\n\n\n<p><strong>Sztum, Dzierzgo\u0144<\/strong><br>mgr&nbsp;Magdalena Wiechowska<br>tel.&nbsp;505 086 736<br>e-mail: wiechowska@sztum.net<\/p>\n\n\n\n<p><strong>Elbl\u0105g \u2013 szko\u0142y podstawowe, przedszkola<\/strong><br>mgr\u00a0Anna Grzywacz<br>tel.\u00a0510 087 651<br>e-mail:\u00a0devore7@wp.pl<\/p>\n\n\n\n<p><strong>Elbl\u0105g \u2013 szko\u0142y podstawowe, przedszkola<\/strong><br>mgr&nbsp;Agnieszka Mucha<br>tel.&nbsp;797 391 619<br>e-mail:&nbsp;agniecha.mucha@wp.pl<\/p>\n\n\n\n<p><strong>I\u0142awa Wsch\u00f3d, I\u0142awa Zach\u00f3d<\/strong><br>mgr&nbsp;Walerian Lewko<br>tel.&nbsp;664 768-097<br>e-mail:&nbsp;walerianl@interia.pl<\/p>\n\n\n\n<p><strong>Kwidzyn \u015ar\u00f3dmie\u015bcie, Kwidzyn Zatorze<\/strong><br>mgr&nbsp;Karol K\u0119dra<br>tel. 783 486 539<br>e-mail: karolk1986@gmail.com<\/p>\n\n\n\n<p><strong>Malbork I<\/strong><br>mgr&nbsp;Sebastian Olszewski<br>tel. 668 708 543<br>e-mail: <a href=\"mailto:sebek_malbork@wp.pl\">sebek_malbork@wp.pl<\/a><\/p>\n","protected":false},"excerpt":{"rendered":"<p>Dyrektor Wydzia\u0142u Nauki Katolickiej, za zgod\u0105 Biskupa Elbl\u0105skiego, powo\u0142a\u0142 Katechet\u00f3w Dekanalnych \u2013 wsp\u00f3\u0142pracownik\u00f3w Ksi\u0119\u017cy Wizytator\u00f3w w poszczeg\u00f3lnych dekanatach. Do zada\u0144 Katechet\u00f3w Dekanalnych nale\u017cy: Katecheci Dekanalni: Malbork II, Nowy Stawmgr&nbsp;Lucyna Stolztel.&nbsp;601 594 387e-mail: lucynastolz@gmail.com Mor\u0105g, Mi\u0142om\u0142yn tel.\u00a0 e-mail:\u00a0 Nowy Dw\u00f3r Gda\u0144ski, Krynica Morska tel. e-mail: Pas\u0142\u0119k I, Pas\u0142\u0119k IImgr&nbsp;Agnieszka G\u0142\u0119bockatel. 606 211 671e-mail: agnieszkaglebos@op.pl Prabuty, Suszmgr&nbsp;Hanna&hellip;&nbsp;<a href=\"https:\/\/katecheza.diecezja.elblag.pl\/index.php\/katecheci-diecezjalni\/\" class=\"\" rel=\"bookmark\">Dowiedz si\u0119 wi\u0119cej &raquo;<span class=\"screen-reader-text\">Katecheci diecezjalni<\/span><\/a><\/p>\n","protected":false},"author":1,"featured_media":0,"parent":0,"menu_order":0,"comment_status":"closed","ping_status":"closed","template":"","meta":{"neve_meta_sidebar":"","neve_meta_container":"","neve_meta_enable_content_width":"","neve_meta_content_width":0,"neve_meta_title_alignment":"","neve_meta_author_avatar":"","neve_post_elements_order":"","neve_meta_disable_header":"","neve_meta_disable_footer":"","neve_meta_disable_title":"","_themeisle_gutenberg_block_has_review":false,"_ti_tpc_template_sync":false,"_ti_tpc_template_id":"","footnotes":""},"class_list":["post-5431","page","type-page","status-publish","hentry"],"_links":{"self":[{"href":"https:\/\/katecheza.diecezja.elblag.pl\/index.php\/wp-json\/wp\/v2\/pages\/5431","targetHints":{"allow":["GET"]}}],"collection":[{"href":"https:\/\/katecheza.diecezja.elblag.pl\/index.php\/wp-json\/wp\/v2\/pages"}],"about":[{"href":"https:\/\/katecheza.diecezja.elblag.pl\/index.php\/wp-json\/wp\/v2\/types\/page"}],"author":[{"embeddable":true,"href":"https:\/\/katecheza.diecezja.elblag.pl\/index.php\/wp-json\/wp\/v2\/users\/1"}],"replies":[{"embeddable":true,"href":"https:\/\/katecheza.diecezja.elblag.pl\/index.php\/wp-json\/wp\/v2\/comments?post=5431"}],"version-history":[{"count":22,"href":"https:\/\/katecheza.diecezja.elblag.pl\/index.php\/wp-json\/wp\/v2\/pages\/5431\/revisions"}],"predecessor-version":[{"id":6162,"href":"https:\/\/katecheza.diecezja.elblag.pl\/index.php\/wp-json\/wp\/v2\/pages\/5431\/revisions\/6162"}],"wp:attachment":[{"href":"https:\/\/katecheza.diecezja.elblag.pl\/index.php\/wp-json\/wp\/v2\/media?parent=5431"}],"curies":[{"name":"wp","href":"https:\/\/api.w.org\/{rel}","templated":true}]}}

<p>Dyrektor Wydziału Nauki Katolickiej, za zgodą Biskupa Elbląskiego, powołał Katechetów Dekanalnych – współpracowników Księży Wizytatorów w poszczególnych dekanatach. Do zadań Katechetów Dekanalnych należy:</p>



<ul class="wp-block-list">
<li>Współpraca z Księżmi Wizytatorami w organizowaniu dni skupienia dla katechetów.</li>
</ul>



<ul class="wp-block-list">
<li>Przekazywanie katechetom informacji z Wydziału Nauki Katolickiej.</li>
</ul>



<ul class="wp-block-list">
<li>Organizowanie lekcji koleżeńskich.</li>
</ul>



<p><strong>Katecheci Dekanalni:</strong></p>



<p><strong>Malbork II, Nowy Staw</strong><br>mgr&nbsp;Lucyna Stolz<br>tel.&nbsp;601 594 387<br>e-mail: lucynastolz@gmail.com</p>



<p><strong>Morąg, Miłomłyn</strong><br><br>tel. </p>



<p>e-mail: </p>



<p><strong>Nowy Dwór Gdański, Krynica Morska</strong><br><br>tel. <br>e-mail: </p>



<p><strong>Pasłęk I, Pasłęk II</strong><br>mgr&nbsp;Agnieszka Głębocka<br>tel. 606 211 671<br>e-mail: agnieszkaglebos@op.pl</p>



<p><strong>Prabuty, Susz</strong><br>mgr&nbsp;Hanna Górecka<br>tel.&nbsp;600 378 058<br>e-mail:&nbsp;hania.gorecka@wp.pl</p>



<p><strong>Sztum, Dzierzgoń</strong><br>mgr&nbsp;Magdalena Wiechowska<br>tel.&nbsp;505 086 736<br>e-mail: wiechowska@sztum.net</p>



<p><strong>Elbląg – szkoły podstawowe, przedszkola</strong><br>mgr Anna Grzywacz<br>tel. 510 087 651<br>e-mail: devore7@wp.pl</p>



<p><strong>Elbląg – szkoły podstawowe, przedszkola</strong><br>mgr&nbsp;Agnieszka Mucha<br>tel.&nbsp;797 391 619<br>e-mail:&nbsp;agniecha.mucha@wp.pl</p>



<p><strong>Iława Wschód, Iława Zachód</strong><br>mgr&nbsp;Walerian Lewko<br>tel.&nbsp;664 768-097<br>e-mail:&nbsp;walerianl@interia.pl</p>



<p><strong>Kwidzyn Śródmieście, Kwidzyn Zatorze</strong><br>mgr&nbsp;Karol Kędra<br>tel. 783 486 539<br>e-mail: karolk1986@gmail.com</p>



<p><strong>Malbork I</strong><br>mgr&nbsp;Sebastian Olszewski<br>tel. 668 708 543<br>e-mail: <a href="mailto:sebek_malbork@wp.pl">sebek_malbork@wp.pl</a></p>

<p>Dyrektor Wydziału Nauki Katolickiej, za zgodą Biskupa Elbląskiego, powołał Katechetów Dekanalnych – współpracowników Księży Wizytatorów w poszczególnych dekanatach. Do zadań Katechetów Dekanalnych należy: Katecheci Dekanalni: Malbork II, Nowy Stawmgr&nbsp;Lucyna Stolztel.&nbsp;601 594 387e-mail: lucynastolz@gmail.com Morąg, Miłomłyn tel.  e-mail:  Nowy Dwór Gdański, Krynica Morska tel. e-mail: Pasłęk I, Pasłęk IImgr&nbsp;Agnieszka Głębockatel. 606 211 671e-mail: agnieszkaglebos@op.pl Prabuty, Suszmgr&nbsp;Hanna&hellip;&nbsp;<a href="https://katecheza.diecezja.elblag.pl/index.php/katecheci-diecezjalni/" class="" rel="bookmark">Dowiedz się więcej &raquo;<span class="screen-reader-text">Katecheci diecezjalni</span></a></p>
